.
25
Let q = -49 - -63. What is the greatest common divisor of q and 56?
14
Let n be 105 - (-6)/(2 - -1). Let q = n + 25. What is the highest common divisor of q and 12?
12
Let l = 4 + -1. Suppose t = 2*s - s - 2, 4 = 2*s + l*t. Suppose 0 = -s*i - 3*i + 50. What is the highest common divisor of i and 20?
10
Let y(i) = -i**2 - 6*i - 2. Let c be y(-4). Suppose -440 = -c*w + w. Suppose -4*p = -87 + 55. Calculate the highest common factor of p and w.
8
Let s = -45 - -71. Calculate the highest common factor of 91 and s.
13
Let h be 10 - (-7 + 3)/(-4). Let j(y) = -5*y**3 + 2*y**2 + y. Let z be j(-1). What is the greatest common divisor of h and z?
3
Let f = -9 - -12. Let k be f/1 + 1 + 12. What is the greatest common factor of 40 and k?
8
Suppose 4*z = -0*z - 424. Let l = -64 - z. What is the greatest common divisor of l and 28?
14
Let o be (1 - 3)*(-58)/4. Suppose -o = -3*w + 22. What is the greatest common divisor of 85 and w?
17
Suppose s = -d + 3*s + 58, -d + 55 = s. Suppose -2*y + 16 = 3*t, -5*y + 8 = 4*t - 4. What is the greatest common divisor of d and t?
8
Let p(u) = 4*u**2 - 4*u + 3. Let t be p(1). Suppose -2*s + 9 + 3 = 0. Calculate the highest common factor of t and s.
3
Let z(i) be the second derivative of i**3/6 + i**2/2 - 2*i. Let w be z(6). Let n be (-444)/(-14) - (-2)/w. Calculate the greatest common divisor of 8 and n.
8
Let u(w) = -w + 3. Let k be u(-9). What is the greatest common divisor of 6 and k?
6
Let w be ((-4 - -67) + 3)/2. Calculate the greatest common divisor of 363 and w.
33
Let g = 14 + -4. Calculate the highest common factor of g and 80.
10
Suppose -2*f - o - o = -8, -19 = -4*f - o. Calculate the greatest common factor of 5 and f.
5
Let i(a) = -a**2 + a**2 + 3*a**2 + 2 + 3*a**2 + 3*a. Let c(n) = -5*n - 1. Let o be c(-1). Let z be i(o). What is the greatest common factor of z and 22?
22
Let i be 0*(-1)/(3 - 4). Suppose q - 88 = -i*q. Calculate the greatest common divisor of 8 and q.
8
Suppose -20 = 2*m + 3*m, -v - 81 = 3*m. Let o = -45 - v. What is the highest common divisor of 8 and o?
8
Let f be (-13 + 0)*(0 - 1). What is the greatest common divisor of f and 13?
13
Suppose 5 = g, -3*y + 430 = -0*y + 2*g. Calculate the greatest common divisor of 7 and y.
7
Suppose 5*t + 0 - 25 = 0. Let y(z) = z**3 - 13*z**2 + 14*z - 9. Suppose 0*f - 48 = -4*f. Let x be y(f). Calculate the greatest common factor of x and t.
5
Suppose -5*d = -2*d - 54. Calculate the greatest common divisor of 18 and d.
18
Let i be (-3)/(-10)*2 - 67/(-5). Calculate the highest common divisor of i and 126.
14
Let z be (-4)/(1/2 + -1). Suppose 2*j = -0*j + z. Suppose 251 = 9*n + 197. What is the highest common factor of n and j?
2
Suppose 5*x - 10 = 25. Let k(s) = 2*s**2 - s - 1. Let a be k(x). Let y be ((-20)/12)/(2/(-12)). Calculate the highest common factor of a and y.
10
Let i = -3 - -18. What is the highest common factor of i and 6?
3
Let g(x) = 7*x - 6. Let k be g(10). Let w(j) = j**2 - 2*j + 16. Let d be w(0). What is the greatest common divisor of k and d?
16
Suppose -r + 6 = 2*r. Suppose r*y - 28 = -2*y. Suppose -13 = -5*j + y. Calculate the highest common divisor of 6 and j.
2
Let q = 15 - 10. Let x be 36/16*(q + -1). What is the highest common divisor of x and 72?
9
Let k(d) = d**2 + 9*d + 4. Let h be k(-10). Calculate the greatest common factor of h and 21.
7
Let d(j) = 9*j - 4. Let p be d(1). Suppose -3*i - 5*l + 300 = 2*i, 0 = -2*i - l + 115. What is the highest common divisor of p and i?
5
Suppose u - 65 = 106. What is the greatest common factor of 19 and u?
19
Let w be (-14)/8*(-8 + 0). Let q(z) = -4 + z**2 + z - z - 3*z - 3. Let j be q(7). Calculate the highest common divisor of w and j.
7
Let h(g) = g**3 + 2*g**2 - 4*g. Let d be h(-3). Suppose d*f - 69 = 3*q, 4*f = -2*q - 0*q + 122. Calculate the greatest common factor of f and 4.
4
Let l(w) = -w**3 + 10*w**2 + 5. Let p be l(7). Calculate the greatest common divisor of 19 and p.
19
Let o = 13 - 1. Let c = o + -8. Suppose -c*u + 60 = u. What is the highest common factor of 36 and u?
12
Let g be (1 - 3)*-20 + 3. Suppose 5*a = 3*p + 97, -a - g = -3*a - 3*p. Let n = 9 - 5. Calculate the highest common divisor of n and a.
4
Suppose 0 = 4*g - 89 - 263. Suppose -u - 5 = v + 3*u, 3*v - 29 = -u. What is the greatest common factor of g and v?
11
Let f(s) = -2*s**3 + 17*s**2 + 9*s + 12. Let w be f(9). Suppose -5*i + 836 = -i. Suppose -5*t + i = -211. Calculate the greatest common factor of w and t.
12
Let n(u) = 27*u**2 + 8. Let h be n(-6). Suppose 2*s = -3*s + h. What is the greatest common factor of 28 and s?
28
Let s(t) be the first derivative of t**3/3 + 5*t**2/2 + 3*t - 2. Let m be s(-6). What is the highest common factor of m and 72?
9
Suppose -p + 4*p - 43 = -4*d, 0 = -2*p + 4*d + 42. Calculate the greatest common divisor of p and 187.
17
Let v = -13 + 7. Let u be (-4)/v + 39/9. Calculate the highest common factor of u and 20.
5
Suppose i = 5 - 2. Let t be (-5)/25*5 + (-20)/(-2). Calculate the highest common factor of i and t.
3
Let r = 6 - -66. Suppose s + 5*q = 33, 6 = s + q - 7. What is the highest common divisor of r and s?
8
Let y(l) = -l + 9. Let k be y(-9). What is the greatest common factor of k and 6?
6
Let v(n) = n**2 + 2*n - 1. Let b(y) = -y**2 + 5*y - 1. Let u = -5 - -9. Let c be b(u). Let o be v(c). Calculate the highest common factor of 21 and o.
7
Let r = 7 - -19. Let v = r + 38. Suppose 0 = -s - 5*h + 41, -2*h - 3*h = 5*s - 105. What is the greatest common divisor of s and v?
16
Let g be (4 - 0)*1/2. Let x(r) = -1 - 11*r**3 - r**g - 2 + r - 3*r. Let o be x(-2). Calculate the highest common factor of 34 and o.
17
Let m = 3 - -36. Suppose 11 = -3*q - 5*g, -3*g - m = -5*q - 12. What is the highest common factor of 15 and q?
3
Suppose -110 = -4*j - m - 34, 0 = -j - 3*m + 19. Calculate the greatest common divisor of 76 and j.
19
Let i = 9 - 6. Let a = i - 1. Suppose 3*w + w + 4 = a*q, w - 32 = -5*q. What is the highest common divisor of 18 and q?
6
Suppose 208*d - 100 = 204*d. Calculate the highest common divisor of 5 and d.
5
Suppose -j - 2*b + 6 = 0, -2*j + 5*b - 4 - 11 = 0. Let d be (j/(1 - 2))/(-1). Suppose d = -4*t + t + 66. What is the greatest common divisor of 55 and t?
11
Let n = -5 + 3. Let t be (-134)/(-3) - n/6. Calculate the highest common factor of 9 and t.
9
Let o = -81 + 113. Let l(k) = -k**2 + 8. Let j be l(0). Let z be (1 - 4)/((-6)/j). What is the highest common factor of z and o?
4
Suppose -3*h + 16 = -o, 5*h + 41 = 4*o + 105. Let v = 26 + o. Let y = -9 + 29. Calculate the greatest common divisor of y and v.
10
Suppose 23*x - 19*x - 360 = 0. What is the greatest common divisor of 10 and x?
10
Let s be 1/(-2)*(-43 + 5). What is the greatest common divisor of 133 and s?
19
Suppose -3*i - 3*b = -18, 4*b - 3 = -2*i + 7. Suppose -2*g = 4*n - 0*g - 94, -3*n + 5*g + 38 = 0. Calculate the greatest common divisor of n and i.
7
Suppose -2*q + 3*s - 7*s - 12 = 0, -5*s = 4*q + 15. Suppose -3*a = -q*p - p + 48, 0 = -p - 2*a + 38. Calculate the greatest common factor of p and 6.
6
Suppose 4*g - 69 = -3*i + 12, 2*g = -5*i + 37. Let v be 1 + 14 + (-6 - -3). Let c = v - 9. What is the highest common factor of c and g?
3
Suppose -3*o + 1 = 2*v - 1, -3 = 3*o - 3*v. Suppose 0*l - l + 14 = o. Let k(j) = j**2 + 4*j - 3. Let y be k(5). Calculate the greatest common factor of l and y.
14
Suppose -2*h + y = 2*y - 15, -3*h + 5*y - 10 = 0. Suppose g + 1 = -5*j, -2*g + h*j + 73 = -0*j. Calculate the greatest common divisor of 72 and g.
24
Let y = -6 + 10. Let i be 132/8*y/6. Calculate the highest common divisor of 1 and i.
1
Let k(w) = -w + 3. Let g be k(0). Suppose 3*y = -0*u - 5*u + 229, g*u - 3*y - 123 = 0. What is the highest common factor of 4 and u?
4
Let q(s) = s**3 - 5*s**2. Let g be q(5). Let y be (g - (1 - 0))*-996. Let a be y/9 + 2/(-3). Calculate the greatest common divisor of 10 and a.
10
Let o = -144 - -88. Let s = 113 + o. What is the greatest common divisor of 19 and s?
19
Suppose -2*m = m - 24. Let j(o) = o**3 + 10*o**2 + 17*o + 9. Let w be j(-8). Calculate the greatest common divisor of w and m.
1
Let r(j) = -j**3 + 3*j**2 + j + 2. Let f be r(3). Let k(q) = 1 + q + 0*q - f*q + 3*q. Let n be k(-6). Calculate the highest common factor of n and 49.
7
Let s = 7 + -17. Let